{"id":31,"date":"2016-07-19T21:27:06","date_gmt":"2016-07-19T21:27:06","guid":{"rendered":"http:\/\/totaltheme.wpengine.com\/landscaping\/?page_id=31"},"modified":"2020-06-15T07:02:54","modified_gmt":"2020-06-15T07:02:54","slug":"services","status":"publish","type":"page","link":"https:\/\/www.keepwater.cz\/index.php\/services\/","title":{"rendered":"Slu\u017eby"},"content":{"rendered":"[vc_row css=&#8220;.vc_custom_1491183082644{margin-bottom: 40px !important;}&#8220;][vc_column 0=&#8220;&#8220;]<div class=\"vcex-module vcex-heading vcex-heading-bottom-border-w-color\" style=\"color:#0066bf;font-size:21px;font-weight:700;text-align:center;\"><span class=\"vcex-heading-inner clr\">Na\u0161e slu\u017eby<\/span><\/div><div class=\"vcex-spacing\" style=\"height:30px\"><\/div>[vc_column_text 0=&#8220;&#8220;]\n<p style=\"text-align: center;\"><span style=\"font-weight: 400;\">O V\u00e1\u0161 projekt se postar\u00e1me od za\u010d\u00e1tku do konce. Sta\u010d\u00ed se rozhodnout, jak chcete de\u0161\u0165ovou vodu vyu\u017e\u00edvat a zbytek za\u0159\u00edd\u00edme my.<\/span><\/p>\n[\/vc_column_text]<div class=\"vcex-module vcex-divider vcex-divider-solid\" style=\"margin-top:30px;\"><\/div>[\/vc_column][\/vc_row][vc_row column_spacing=&#8220;60&#8243;][vc_column width=&#8220;1\/2&#8243;]<div class=\"vcex-module vcex-icon-box clr vcex-icon-box-two \"><div class=\"vcex-icon-box-icon\"><span class=\"fa fa-cogs\"><\/span><\/div><h2 class=\"vcex-icon-box-heading\" style=\"text-transform:uppercase;\">Technologick\u00e9 poradenstv\u00ed<\/h2><div class=\"vcex-icon-box-content clr\"><p><span style=\"font-weight: 400\">Porad\u00edme V\u00e1m a navrhneme \u0159e\u0161en\u00ed na m\u00edru dle va\u0161ich po\u017eadavk\u016f a mo\u017enost\u00ed lokality<\/span><\/p>\n<\/div><\/div>[\/vc_column][vc_column width=&#8220;1\/2&#8243;]<div class=\"vcex-module vcex-icon-box clr vcex-icon-box-two \"><div class=\"vcex-icon-box-icon\" style=\"color:#000000;\"><span class=\"vc-oi vc-oi-umbrella\"><\/span><\/div><h2 class=\"vcex-icon-box-heading\" style=\"text-transform:uppercase;\">Zaji\u0161t\u011bn\u00ed dotac\u00ed z programu de\u0161\u0165ovka i OP\u017dP<\/h2><div class=\"vcex-icon-box-content clr\"><p><span style=\"font-weight: 400\">Vypracujeme odborn\u00fd posudek a zajist\u00edme kompletn\u00ed administraci \u017e\u00e1dosti o dotace. Navrhneme technologick\u00e9 \u0159e\u0161en\u00ed a p\u0159iprav\u00edme projekt. dokumentaci v\u010detn\u011b in\u017een\u00fdringu.\u00a0<\/span><\/p>\n<\/div><\/div>[\/vc_column][\/vc_row][vc_row column_spacing=&#8220;40&#8243;][vc_column width=&#8220;1\/2&#8243;]<div class=\"vcex-module vcex-icon-box clr vcex-icon-box-two \"><div class=\"vcex-icon-box-icon\" style=\"color:#000000;\"><span class=\"typcn typcn-arrow-repeat\"><\/span><\/div><h2 class=\"vcex-icon-box-heading\" style=\"text-transform:uppercase;\">Kompletn\u00ed realizace projektu<\/h2><div class=\"vcex-icon-box-content clr\"><p><span style=\"font-weight: 400\">Zajist\u00edme ve\u0161ker\u00e9 komponenty a materi\u00e1l, zrealizujeme v\u00fdkopov\u00e9 pr\u00e1ce, usazen\u00ed j\u00edmky, okapov\u00fdch svod\u016f a rozvod\u016f de\u0161\u0165ov\u00e9 vody. Nainstalujeme ve\u0161ker\u00e9 technologie, v\u0161e zprovozn\u00edme a p\u0159ipoj\u00edme na souvisej\u00edc\u00ed rozvody<\/span><\/p>\n<\/div><\/div>[\/vc_column][vc_column width=&#8220;1\/2&#8243;]<div class=\"vcex-module vcex-icon-box clr vcex-icon-box-two \"><div class=\"vcex-icon-box-icon\" style=\"color:#000000;\"><span class=\"vc-oi vc-oi-layers-alt\"><\/span><\/div><h2 class=\"vcex-icon-box-heading\" style=\"text-transform:uppercase;\">Zahradn\u00ed a krajin\u00e1\u0159sk\u00e9 \u00fapravy<\/h2><div class=\"vcex-icon-box-content clr\"><p><span style=\"font-weight: 400\">Nech\u00e1v\u00e1me za sebou \u010distou pr\u00e1ci. V\u00e1\u0161 pozemek uvedeme do p\u016fvodn\u00edho stavu, provedeme rekultivaci a zahradn\u00ed \u00fapravy dle va\u0161eho p\u0159\u00e1n\u00ed<\/span><\/p>\n<\/div><\/div>[\/vc_column][\/vc_row][vc_row column_spacing=&#8220;40&#8243;][vc_column width=&#8220;1\/2&#8243;]<div class=\"vcex-module vcex-icon-box clr vcex-icon-box-two \"><div class=\"vcex-icon-box-icon\" style=\"color:#000000;\"><span class=\"fa fa-tint\"><\/span><\/div><h2 class=\"vcex-icon-box-heading\" style=\"text-transform:uppercase;\">Realizace z\u00e1vlah<\/h2><div class=\"vcex-icon-box-content clr\"><p><span style=\"font-weight: 400\">Navrhneme a zrealizujeme efektivn\u00ed z\u00e1vlahov\u00fd syst\u00e9m pro Va\u0161\u00ed okrasnou i u\u017eitkovou zahradu<\/span><\/p>\n<\/div><\/div>[\/vc_column][vc_column width=&#8220;1\/2&#8243;]<div class=\"vcex-module vcex-icon-box clr vcex-icon-box-two \"><div class=\"vcex-icon-box-icon\" style=\"color:#000000;\"><span class=\"entypo-icon entypo-icon-users\"><\/span><\/div><h2 class=\"vcex-icon-box-heading\" style=\"text-transform:uppercase;\">Servis<\/h2><div class=\"vcex-icon-box-content clr\"><p><span style=\"font-weight: 400\">Zajist\u00edme kontrolu a servis va\u0161eho za\u0159\u00edzen\u00ed. V p\u0159\u00edpad\u011b, \u017ee se n\u011bco pokaz\u00ed, sta\u010d\u00ed n\u00e1m jen zavolat<\/span><\/p>\n<\/div><\/div>[\/vc_column][\/vc_row][vc_row css=&#8220;.vc_custom_1470934523667{margin-bottom: 30px !important;}&#8220;][vc_column 0=&#8220;&#8220;][vc_cta h2=&#8220;Zaujali jsme V\u00e1s?&#8220; h2_font_container=&#8220;font_size:24px|color:%230066bf|line_height:2em&#8220; h2_use_theme_fonts=&#8220;yes&#8220; txt_align=&#8220;center&#8220; style=&#8220;outline&#8220; add_button=&#8220;bottom&#8220; btn_title=&#8220;Poptat realizaci&#8220; btn_style=&#8220;flat&#8220; btn_color=&#8220;green&#8220; btn_align=&#8220;center&#8220; use_custom_fonts_h2=&#8220;true&#8220; btn_custom_onclick=&#8220;true&#8220; btn_link=&#8220;url:http%3A%2F%2Fwww.keepwater.cz%2Findex.php%2Fcontact%2F|title:kontakt||&#8220;]<span style=\"font-weight: 400;\">Zaujalo V\u00e1s co v\u0161echno um\u00edme, kontaktujte n\u00e1s! R\u00e1di pom\u016f\u017eeme i V\u00e1m<\/span>[\/vc_cta][\/vc_column][\/vc_row]\n","protected":false},"excerpt":{"rendered":"<p>[vc_row css=&#8220;.vc_custom_1491183082644{margin-bottom: 40px !important;}&#8220;][vc_column 0=&#8220;&#8220;][vc_column_text 0=&#8220;&#8220;] O V\u00e1\u0161 projekt se postar\u00e1me od za\u010d\u00e1tku do konce. Sta\u010d\u00ed se rozhodnout, jak chcete de\u0161\u0165ovou vodu vyu\u017e\u00edvat a zbytek za\u0159\u00edd\u00edme my. [\/vc_column_text][\/vc_column][\/vc_row][vc_row column_spacing=&#8220;60&#8243;][vc_column width=&#8220;1\/2&#8243;][\/vc_column][vc_column width=&#8220;1\/2&#8243;][\/vc_column][\/vc_row][vc_row column_spacing=&#8220;40&#8243;][vc_column width=&#8220;1\/2&#8243;][\/vc_column][vc_column width=&#8220;1\/2&#8243;][\/vc_column][\/vc_row][vc_row column_spacing=&#8220;40&#8243;][vc_column width=&#8220;1\/2&#8243;][\/vc_column][vc_column width=&#8220;1\/2&#8243;][\/vc_column][\/vc_row][vc_row css=&#8220;.vc_custom_1470934523667{margin-bottom: 30px !important;}&#8220;][vc_column&hellip;<\/p>\n","protected":false},"author":1,"featured_media":97,"parent":0,"menu_order":0,"comment_status":"closed","ping_status":"closed","template":"","meta":[],"_links":{"self":[{"href":"https:\/\/www.keepwater.cz\/index.php\/wp-json\/wp\/v2\/pages\/31"}],"collection":[{"href":"https:\/\/www.keepwater.cz\/index.php\/wp-json\/wp\/v2\/pages"}],"about":[{"href":"https:\/\/www.keepwater.cz\/index.php\/wp-json\/wp\/v2\/types\/page"}],"author":[{"embeddable":true,"href":"https:\/\/www.keepwater.cz\/index.php\/wp-json\/wp\/v2\/users\/1"}],"replies":[{"embeddable":true,"href":"https:\/\/www.keepwater.cz\/index.php\/wp-json\/wp\/v2\/comments?post=31"}],"version-history":[{"count":16,"href":"https:\/\/www.keepwater.cz\/index.php\/wp-json\/wp\/v2\/pages\/31\/revisions"}],"predecessor-version":[{"id":260,"href":"https:\/\/www.keepwater.cz\/index.php\/wp-json\/wp\/v2\/pages\/31\/revisions\/260"}],"wp:featuredmedia":[{"embeddable":true,"href":"https:\/\/www.keepwater.cz\/index.php\/wp-json\/wp\/v2\/media\/97"}],"wp:attachment":[{"href":"https:\/\/www.keepwater.cz\/index.php\/wp-json\/wp\/v2\/media?parent=31"}],"curies":[{"name":"wp","href":"https:\/\/api.w.org\/{rel}","templated":true}]}}